e greatest common divisor of 10 and 3990.
10
What is the highest common factor of 590 and 10?
10
What is the greatest common factor of 748 and 132?
44
What is the highest common factor of 286 and 16159?
143
What is the greatest common factor of 610 and 2?
2
What is the greatest common divisor of 38 and 418?
38
What is the highest common divisor of 28 and 875?
7
Calculate the highest common divisor of 6062 and 98.
14
Calculate the greatest common divisor of 4921 and 777.
259
What is the greatest common divisor of 2071 and 57?
19
Calculate the highest common divisor of 365 and 2993.
73
Calculate the highest common factor of 64 and 56.
8
Calculate the highest common divisor of 12 and 462.
6
Calculate the highest common factor of 96 and 432.
48
What is the greatest common divisor of 495 and 22?
11
Calculate the greatest common factor of 204 and 24.
12
What is the greatest common factor of 602 and 86?
86
Calculate the greatest common factor of 242 and 429.
11
What is the highest common factor of 176 and 80?
16
What is the highest common factor of 132 and 48?
12
Calculate the highest common divisor of 329 and 188.
47
Calculate the greatest common divisor of 1749 and 6.
3
What is the highest common divisor of 3796 and 416?
52
Calculate the greatest common factor of 30022 and 102.
34
What is the greatest common factor of 13 and 39247?
13
Calculate the highest common factor of 52 and 184.
4
What is the greatest common divisor of 25760 and 32?
32
What is the highest common divisor of 5 and 160?
5
What is the greatest common factor of 52 and 364?
52
Calculate the greatest common divisor of 187 and 4488.
187
Calculate the highest common factor of 3 and 69.
3
What is the greatest common divisor of 130 and 7748?
26
Calculate the highest common divisor of 357 and 272.
17
Calculate the highest common factor of 4 and 5.
1
What is the highest common divisor of 5 and 485?
5
What is the greatest common divisor of 729 and 18?
9
What is the greatest common factor of 72 and 360?
72
What is the greatest common factor of 1443 and 117?
39
Calculate the highest common divisor of 8991 and 972.
243
What is the greatest common factor of 1220 and 580?
20
What is the greatest common divisor of 65 and 125?
5
What is the highest common factor of 20823 and 33?
33
Calculate the highest common factor of 740 and 20.
20
Calculate the greatest common factor of 18 and 423.
9
What is the highest common factor of 1040 and 540?
20
Calculate the highest common factor of 568 and 24.
8
Calculate the greatest common factor of 200 and 150.
50
What is the greatest common divisor of 552 and 56?
8
Calculate the highest common divisor of 46 and 2093.
23
What is the highest common divisor of 240 and 15?
15
Calculate the greatest common divisor of 6 and 201.
3
Calculate the greatest common divisor of 26910 and 36.
18
What is the highest common factor of 37 and 1?
1
What is the highest common factor of 289 and 17?
17
Calculate the greatest common divisor of 4 and 350.
2
Calculate the highest common factor of 208 and 559.
13
Calculate the greatest common factor of 2992 and 704.
176
What is the greatest common factor of 18 and 10134?
18
Calculate the highest common divisor of 873 and 45.
9
Calculate the greatest common divisor of 5778 and 54.
54
Calculate the highest common factor of 875 and 119.
7
Calculate the greatest common factor of 525 and 210.
105
Calculate the greatest common factor of 15 and 535.
5
What is the greatest common divisor of 230 and 10856?
46
Calculate the highest common divisor of 11 and 572.
11
Calculate the greatest common divisor of 2 and 427.
1
What is the greatest common divisor of 143 and 13?
13
What is the highest common factor of 1334 and 46?
46
What is the greatest common divisor of 6 and 3?
3
Calculate the greatest common factor of 230 and 250.
10
What is the highest common factor of 399 and 42?
21
Calculate the greatest common divisor of 195 and 741.
39
Calculate the greatest common factor of 570 and 1615.
95
Calculate the greatest common divisor of 160 and 5.
5
Calculate the highest common divisor of 266 and 70.
14
Calculate the greatest common factor of 117 and 72.
9
What is the highest common divisor of 23575 and 205?
205
What is the greatest common divisor of 13892 and 92?
92
Calculate the highest common factor of 34 and 11288.
34
What is the greatest common divisor of 51 and 7514?
17
What is the highest common divisor of 736 and 69?
23
What is the greatest common divisor of 5295 and 15?
15
Calculate the highest common divisor of 88 and 1452.
44
What is the greatest common factor of 172 and 86?
86
What is the highest common factor of 306 and 34?
34
What is the greatest common factor of 120 and 135?
15
Calculate the greatest common factor of 8 and 164.
4
What is the highest common factor of 6216 and 42?
42
What is the greatest common divisor of 26 and 1612?
26
Calculate the greatest common factor of 4690 and 336.
14
What is the highest common divisor of 558 and 18?
18
What is the highest common factor of 20 and 640?
20
What is the greatest common divisor of 32 and 32?
32
Calculate the greatest common divisor of 10279 and 133.
19
Calculate the highest common divisor of 110 and 2090.
110
Calculate the greatest common divisor of 72 and 45.
9
Calculate the greatest common divisor of 585 and 130.
65
Calculate the highest common divisor of 489 and 6.
3
What is the greatest common divisor of 1652 and 112?
28
Calculate the greatest common divisor of 8 and 512.
8
Calculate the highest common factor of 4746 and 21.
21
Calculate the highest common factor of 24 and 156.
12
What is the greatest common factor of 2776 and 32?
8
What is the highest common factor of 15 and 21555?
15
Calculate the highest common divisor of 612 and 144.
36
What is the highest common factor of 394 and 21079?
197
What is the greatest common factor of 264 and 168?
24
Calculate the highest common factor of 192 and 72.
24
What is the greatest common divisor of 1 and 31?
1
What is the highest common divisor of 282 and 6063?
141
Calculate the greatest common factor of 11029 and 269.
269
Calculate the greatest common divisor of 49 and 343.
49
Calculate the highest common factor of 105 and 565.
5
Calculate the greatest common divisor of 19786 and 26.
26
What is the greatest common factor of 24 and 6492?
12
What is the highest common divisor of 27 and 1017?
9
What is the highest common divisor of 24 and 1668?
12
What is the highest common divisor of 84 and 32592?
84
Calculate the greatest common divisor of 425 and 119.
17
Calculate the greatest common divisor of 27 and 114.
3
Calculate the highest common divisor of 3882 and 12.
6
Calculate the greatest common factor of 9 and 225.
9
What is the greatest common factor of 19 and 532?
19
What is the highest common factor of 16870 and 70?
70
Calculate the highest common divisor of 553 and 158.
79
What is the highest common factor of 2 and 102?
2
Calculate the greatest common divisor of 6466 and 488.
122
Calculate the greatest common factor of 5 and 95.
5
What is the highest common divisor of 12 and 888?
12
Calculate the highest common divisor of 4216 and 204.
68
What is the highest common divisor of 45 and 441?
9
What is the greatest common factor of 324 and 12?
12
What is the greatest common divisor of 247 and 171?
19
Calculate the greatest common factor of 184 and 644.
92
What is the greatest common factor of 114 and 513?
57
What is the highest common factor of 48 and 12336?
48
What is the greatest common divisor of 875 and 14?
7
What is the greatest common divisor of 32 and 7832?
8
Calculate the greatest common divisor of 44 and 44.
44
Calculate the highest common divisor of 105 and 15.
15
Calculate the greatest common factor of 70 and 12290.
10
What is the greatest common factor of 14812 and 196?
28
What is the greatest common divisor of 1482 and 78?
78
Calculate the greatest common factor of 9 and 63.
9
Calculate the highest common divisor of 714 and 6834.
102
Calculate the greatest common divisor of 108 and 72.
36
Calculate the highest common factor of 12 and 384.
12
What is the highest common divisor of 45 and 14865?
15
What is the greatest common divisor of 165 and 50?
5
What is the greatest common divisor of 58359 and 147?
147
Calculate the highest co